{"id":849,"date":"2018-11-09T17:39:42","date_gmt":"2018-11-09T16:39:42","guid":{"rendered":"https:\/\/overstitch.pl\/?page_id=849"},"modified":"2023-11-10T13:47:37","modified_gmt":"2023-11-10T12:47:37","slug":"lekarz-rodzinny","status":"publish","type":"page","link":"https:\/\/overstitch.pl\/","title":{"rendered":"OverStitch &#8211; nieoperacyjna metoda odchudzania"},"content":{"rendered":"<div id=\"pl-849\"  class=\"panel-layout\" ><div id=\"pg-849-0\"  class=\"panel-grid panel-no-style\" ><div id=\"pgc-849-0-0\"  class=\"panel-grid-cell\" ><div id=\"panel-849-0-0-0\" class=\"so-panel widget widget_sow-editor panel-first-child\" data-index=\"0\" ><div\n\t\t\t\n\t\t\tclass=\"so-widget-sow-editor so-widget-sow-editor-base\"\n\t\t\t\n\t\t>\n<div class=\"siteorigin-widget-tinymce textwidget\">\n\t<p>ESG (Endoscopic sleeve gastroplasty) jest <strong>nieoperacyjn\u0105, minimalnie inwazyjn\u0105<\/strong>, endoskopow\u0105 procedur\u0105 bariatryczn\u0105. Zabieg pozwala na endoskopowe zmniejszenie obj\u0119to\u015bci \u017co\u0142\u0105dka, co uniemo\u017cliwia spo\u017cywanie posi\u0142k\u00f3w du\u017cej obj\u0119to\u015bci, a w konsekwencji powoduje spadek masy cia\u0142a. Dotychczas efekt taki mo\u017cna by\u0142o osi\u0105gn\u0105\u0107 wy\u0142\u0105cznie poprzez zabieg operacyjny. Wi\u0105za\u0142o si\u0119 to z do\u015b\u0107 d\u0142ugim pobytem z szpitalu i relatywnie licznymi objawami ubocznymi. Od kilku lat dost\u0119pna jest innowacyjna metoda endoskopowego szwu pe\u0142no\u015bciennego za pomoc\u0105 urz\u0105dzenia OverStitch ameryka\u0144skiej firmy Apollo Endosurgery. Jest to rewolucyjne rozwi\u0105zanie znajduj\u0105ce coraz szersze zastosowanie w endoskopii przewodu pokarmowego. Oczywi\u015bcie wskazaniem najpopularniejszym jest leczenie oty\u0142o\u015bci. ESG dedykowane jest pacjentom z \u0142agodn\u0105 i umiarkowan\u0105 oty\u0142o\u015bci\u0105. Metoda jest skuteczna. Po 6 miesi\u0105cach, \u015brednia utrata masy cia\u0142a wynosi\u0142a 15.2% i 18.6% po 24 miesi\u0105cach*. Jedynie u 2% pacjent\u00f3w wyst\u0105pi\u0142y powa\u017cniejsze powik\u0142ania*. Co wa\u017cne, jest to procedura jednodniowa \/ Overstitch<\/p>\n<p>Jak powszechnie wiadomo oty\u0142o\u015b\u0107 wi\u0105\u017ce si\u0119 cz\u0119sto z ro\u017cnymi dodatkowymi problemami. Udowodniono, \u017ce ESG poprawia r\u00f3wnie\u017c parametry cukrzycy, nadci\u015bnienia, hyperlipidemii co jest oczywistym nast\u0119pstwem redukcji masy cia\u0142a**. Je\u017celi pr\u00f3bowali\u015bcie Pa\u0144stwo typowych metod walki z oty\u0142o\u015bci\u0105, kt\u00f3re nie przynios\u0142y oczekiwanych efekt\u00f3w, rozwa\u017ccie leczenie metod\u0105 ESG.<\/p>\n<div class=\"su-expand su-expand-collapsed su-expand-link-style-default\" data-height=\"0\"><div class=\"su-expand-content su-u-trim\" style=\"color:#ffffff;max-height:0px;overflow:hidden\"><\/p>\n<h2>Realizacja cel\u00f3w - Overstitch<\/h2>\n<p>Gromadzenie zb\u0119dnych kilogram\u00f3w trwa\u0142o bardzo d\u0142ugo. Ich utrata r\u00f3wnie\u017c wymaga czasu. I dyscypliny. Pomoc\u0105 s\u0142u\u017c\u0105 opiekuj\u0105cy si\u0119 Tob\u0105 specjali\u015bci. Przypominamy:<br \/>\n\u2022 Post\u0119powanie po zabiegu jest r\u00f3wnie wa\u017cne jak przygotowanie do niego.<br \/>\n\u2022 Aby zrealizowa\u0107 stawiane sobie cele, post\u0119puj zgodnie z zaleceniami opiekuj\u0105cego si\u0119 Tob\u0105 zespo\u0142u specjalist\u00f3w.<br \/>\n\u2022 Czas powrotu do pracy, inne dzia\u0142ania, \u0107wiczenia fizyczne skonsultuj ze specjalistami.<br \/>\n\u2022 Po zabiegu b\u0105d\u017a cierpliwy. Ka\u017cdy z nas jest inny, ka\u017cdy w innym rytmie powraca po zabiegu do zdrowia.<\/p>\n<p>Czas gojenia, wra\u017cliwo\u015b\u0107 na pokarmy, stopie\u0144 redukcji masy cia\u0142a maj\u0105 charakter indywidualny.<\/p>\n<h2>Jak utrzyma\u0107 zalecan\u0105 diet\u0119? Overstitch<\/h2>\n<p>To co b\u0119dziesz je\u015b\u0107 i pi\u0107 po endoskopowym zabiegu bariatrycznym ma decyduj\u0105ce znaczenie dla sukcesu ca\u0142ego przedsi\u0119wzi\u0119cia. Aby pom\u00f3c Ci w walce ze zb\u0119dnymi kilogramami, przygotowali\u015bmy dla Ciebie nast\u0119puj\u0105ce porady. Pij co najmniej 2 litry (8 szklanek) p\u0142yn\u00f3w dziennie*<\/p>\n<p>Pij male\u0144kimi \u0142yczkami w przerwach pomi\u0119dzy posi\u0142kami. Nie pij w trakcie jedzenia. Picie p\u0142yn\u00f3w daje poczucie syto\u015bci. Je\u015bli \u017co\u0142\u0105dek wype\u0142ni\u0105 p\u0142yny, mo\u017cesz nie by\u0107 w stanie przyj\u0105\u0107 potrzebnych organizmowi posi\u0142k\u00f3w. Napoje spo\u017cywane wraz z pokarmem mog\u0105 skr\u00f3ci\u0107 czas trawienia w \u017co\u0142\u0105dku, co bywa przyczyn\u0105 b\u00f3l\u00f3w brzucha, i sprawi\u0107, \u017ce szybciej poczujesz g\u0142\u00f3d.<\/p>\n<p>\u2022 Wypijaj 230 ml p\u0142yn\u00f3w w ci\u0105gu 30 \u2013 60 minut;<br \/>\n\u2022 Nie pij 30 minut przed posi\u0142kiem;<br \/>\n\u2022 Je\u015bli musisz pi\u0107 w trakcie jedzenia, staraj si\u0119 maksymalnie ograniczy\u0107 ilo\u015b\u0107 przyjmowanego z pokarmem p\u0142ynu;<br \/>\n\u2022 Po posi\u0142ku nie pij przez 30 minut.<\/p>\n<p>Codziennie wypijaj powolutku ok. 750 ml (3 szklanki) mleka odt\u0142uszczonego lub z nisk\u0105 zawarto\u015bci\u0105 t\u0142uszczu (1%). Mleko to doskona\u0142e \u017ar\u00f3d\u0142o bia\u0142ka i wapnia. Je\u015bli nie mo\u017cesz pi\u0107 mleka, porozmawiaj z dietetykiem o innych sposobach dostarczania organizmowi tych wa\u017cnych sk\u0142adnik\u00f3w od\u017cywczych.<br \/>\nJedz ma\u0142ymi k\u0105skami, dok\u0142adnie prze\u017cuwaj.<\/p>\n<p>Wraz ze zmian\u0105 diety, wprowadzaj\u0105c pokarmy o bogatszej konsystencji, przyzwyczajaj si\u0119 do jedzenia ma\u0142ymi k\u0105skami. Dok\u0142adnie, powoli prze\u017cuwaj. Na zjedzenie porcji 30 g przeznacz ok. 10 \u2013 15 minut. Gdy poczujesz syto\u015b\u0107, przerwij jedzenie i picie. Czas po\u015bwi\u0119cany na posi\u0142ek nie powinien by\u0107 kr\u00f3tszy ni\u017c 30 minut.<\/p>\n<h2>Jedzenie poza domem - Overstitch<\/h2>\n<p>Porcje podawane w restauracjach s\u0105 cz\u0119sto zbyt du\u017ce. Pro\u015b o mniejsze porcje lub wybieraj z karty mniej obfite dania. Zawsze mo\u017cesz poprosi\u0107 kelnera o podzielenie dania i zapakowanie drugiej po\u0142owy porcji \u201ena wynos\u201d.<\/p>\n<p>* Lekarz mo\u017ce zaleci\u0107 inne post\u0119powanie. Przestrzegaj zalece\u0144 lekarza i dietetyka. Przedstawione tu informacje maj\u0105 charakter og\u00f3lnych wskaz\u00f3wek.<\/p>\n<p>Zapraszamy do konsultacji: Dr n.med. Wit Cezary Danilkiewicz, ZOZ Gastromed \/ Overstitch. Us\u0142uga \u015bwiadczona komercyjnie. Konsultacja w poradni. Overstitch. Wi\u0119cej na stronie <a href=\"https:\/var\/www\/vhosts\/overstitch.pl\/httpdocs\/gastromed.pl\/operacja-zmniejszania-zoladka\/\" target=\"_blank\" rel=\"noopener\">https:\/var\/www\/vhosts\/overstitch.pl\/httpdocs\/gastromed.pl\/operacja-zmniejszania-zoladka\/<\/a><\/p>\n<p><a href=\"https:\/\/overstitch.pl\/polityka-prywatnosci-i-rodo\/\" target=\"_blank\" rel=\"noopener\">Przeczytaj Polityk\u0119 prywatno\u015bci - kliknij<\/a><\/p>\n<p><em>* <a href=\"https:\/var\/www\/vhosts\/overstitch.pl\/httpdocs\/www.ncbi.nlm.nih.gov\/pubmed\/28451929\" data-saferedirecturl=\"https:\/var\/www\/vhosts\/overstitch.pl\/httpdocs\/www.google.com\/url?q=https:\/var\/www\/vhosts\/overstitch.pl\/httpdocs\/www.ncbi.nlm.nih.gov\/pubmed\/28451929&amp;source=gmail&amp;ust=1542883561083000&amp;usg=AFQjCNE1FG6LdLQCoprsJjPFLElDttMYQQ\">Obes Surg.<\/a>\u00a02017 Oct;27(10):2649-2655. doi: 10.1007\/s11695-017-2693-7. <\/em><em>** <a href=\"https:\/var\/www\/vhosts\/overstitch.pl\/httpdocs\/www.ncbi.nlm.nih.gov\/pubmed\/28017845\" data-saferedirecturl=\"https:\/var\/www\/vhosts\/overstitch.pl\/httpdocs\/www.google.com\/url?q=https:\/var\/www\/vhosts\/overstitch.pl\/httpdocs\/www.ncbi.nlm.nih.gov\/pubmed\/28017845&amp;source=gmail&amp;ust=1542883561083000&amp;usg=AFQjCNH8fFPG33wgm2atfN29ETYavzS2Kg\">Clin Gastroenterol Hepatol.<\/a> 2017 Apr;15(4):504-510. doi: 10.1016\/j.cgh.2016.12.012. Epub 2016 Dec 23 \/ gtag('config', 'UA-158813646-1')<br \/>\n<\/em><\/p>\n<p><\/div><div class=\"su-expand-link su-expand-link-more\" style=\"text-align:left\"><a href=\"javascript:;\" style=\"color:#ffffff;border-color:#ffffff\"><i class=\"sui sui-plus\" style=\"\" aria-label=\"\"><\/i><span style=\"border-color:#ffffff\">Poka\u017c \u201eWi\u0119cej\u201d<\/span><\/a><\/div><div class=\"su-expand-link su-expand-link-less\" style=\"text-align:left\"><a href=\"javascript:;\" style=\"color:#ffffff;border-color:#ffffff\"><i class=\"sui sui-minus\" style=\"\" aria-label=\"\"><\/i><span style=\"border-color:#ffffff\">Poka\u017c \u201eMniej\"<\/span><\/a><\/div><\/div>\n<\/div>\n<\/div><\/div><div id=\"panel-849-0-0-1\" class=\"so-panel widget widget_sow-headline panel-last-child\" data-index=\"1\" ><div\n\t\t\t\n\t\t\tclass=\"so-widget-sow-headline so-widget-sow-headline-default-ea0af4cf39ae-849\"\n\t\t\t\n\t\t><div class=\"sow-headline-container \">\n\t\t\t\t\t\t\t<h1 class=\"sow-headline\">\n\t\t\t\t\t\tTw\u00f3j Lekarz\t\t\t\t\t\t<\/h1>\n\t\t\t\t\t\t\t\t\t\t\t<div class=\"decoration\">\n\t\t\t\t\t\t<div class=\"decoration-inside\"><\/div>\n\t\t\t\t\t<\/div>\n\t\t\t\t\t<\/div>\n<\/div><\/div><\/div><\/div><div id=\"pg-849-1\"  class=\"panel-grid panel-no-style\" ><div id=\"pgc-849-1-0\"  class=\"panel-grid-cell\" ><div id=\"panel-849-1-0-0\" class=\"so-panel widget widget_sow-editor panel-first-child panel-last-child\" data-index=\"2\" ><div\n\t\t\t\n\t\t\tclass=\"so-widget-sow-editor so-widget-sow-editor-base\"\n\t\t\t\n\t\t>\n<div class=\"siteorigin-widget-tinymce textwidget\">\n\t<p style=\"text-align: center;\">Dr n. med. Wit Cezary Danilkiewicz<\/p>\n<\/div>\n<\/div><\/div><\/div><\/div><div id=\"pg-849-2\"  class=\"panel-grid panel-no-style\" ><div id=\"pgc-849-2-0\"  class=\"panel-grid-cell\" ><div id=\"panel-849-2-0-0\" class=\"so-panel widget widget_sow-headline panel-first-child panel-last-child\" data-index=\"3\" ><div\n\t\t\t\n\t\t\tclass=\"so-widget-sow-headline so-widget-sow-headline-default-ea0af4cf39ae-849\"\n\t\t\t\n\t\t><div class=\"sow-headline-container \">\n\t\t\t\t\t\t\t<h1 class=\"sow-headline\">\n\t\t\t\t\t\tUm\u00f3w si\u0119 na wizyt\u0119\t\t\t\t\t\t<\/h1>\n\t\t\t\t\t\t\t\t\t\t\t<div class=\"decoration\">\n\t\t\t\t\t\t<div class=\"decoration-inside\"><\/div>\n\t\t\t\t\t<\/div>\n\t\t\t\t\t<\/div>\n<\/div><\/div><\/div><\/div><div id=\"pg-849-3\"  class=\"panel-grid panel-no-style\" ><div id=\"pgc-849-3-0\"  class=\"panel-grid-cell\" ><div id=\"panel-849-3-0-0\" class=\"so-panel widget widget_sow-icon panel-first-child\" data-index=\"4\" ><div\n\t\t\t\n\t\t\tclass=\"so-widget-sow-icon so-widget-sow-icon-default-e2a0e304082f-849\"\n\t\t\t\n\t\t>\n<div class=\"sow-icon-container sow-icon\">\n\t\t\t<span class=\"sow-icon-fontawesome sow-far\" data-sow-icon=\"&#xf133;\"\n\t\t \n\t\taria-hidden=\"true\"><\/span>\t<\/div>\n<\/div><\/div><div id=\"panel-849-3-0-1\" class=\"so-panel widget widget_sow-editor panel-last-child\" data-index=\"5\" ><div\n\t\t\t\n\t\t\tclass=\"so-widget-sow-editor so-widget-sow-editor-base\"\n\t\t\t\n\t\t>\n<div class=\"siteorigin-widget-tinymce textwidget\">\n\t<p style=\"text-align: center;\">Poniedzia\u0142ek<\/p>\n<\/div>\n<\/div><\/div><\/div><div id=\"pgc-849-3-1\"  class=\"panel-grid-cell\" ><div id=\"panel-849-3-1-0\" class=\"so-panel widget widget_sow-icon panel-first-child\" data-index=\"6\" ><div\n\t\t\t\n\t\t\tclass=\"so-widget-sow-icon so-widget-sow-icon-default-e2a0e304082f-849\"\n\t\t\t\n\t\t>\n<div class=\"sow-icon-container sow-icon\">\n\t\t\t<span class=\"sow-icon-fontawesome sow-far\" data-sow-icon=\"&#xf017;\"\n\t\t \n\t\taria-hidden=\"true\"><\/span>\t<\/div>\n<\/div><\/div><div id=\"panel-849-3-1-1\" class=\"so-panel widget widget_sow-editor panel-last-child\" data-index=\"7\" ><div\n\t\t\t\n\t\t\tclass=\"so-widget-sow-editor so-widget-sow-editor-base\"\n\t\t\t\n\t\t>\n<div class=\"siteorigin-widget-tinymce textwidget\">\n\t<p style=\"text-align: center;\">13:00-15:00<\/p>\n<\/div>\n<\/div><\/div><\/div><\/div><\/div>","protected":false},"excerpt":{"rendered":"<p>ESG (Endoscopic sleeve gastroplasty) jest nieoperacyjn\u0105, minimalnie inwazyjn\u0105, endoskopow\u0105 procedur\u0105 bariatryczn\u0105. Zabieg pozwala na endoskopowe zmniejszenie obj\u0119to\u015bci \u017co\u0142\u0105dka, co uniemo\u017cliwia spo\u017cywanie posi\u0142k\u00f3w du\u017cej obj\u0119to\u015bci, a w konsekwencji powoduje spadek masy cia\u0142a. Dotychczas efekt taki mo\u017cna by\u0142o osi\u0105gn\u0105\u0107 wy\u0142\u0105cznie poprzez zabieg operacyjny. Wi\u0105za\u0142o si\u0119 to z do\u015b\u0107 d\u0142ugim pobytem z szpitalu i relatywnie licznymi objawami ubocznymi&#8230;.<\/p>\n","protected":false},"author":1,"featured_media":942,"parent":0,"menu_order":0,"comment_status":"closed","ping_status":"closed","template":"home-page.php","meta":{"footnotes":""},"class_list":["post-849","page","type-page","status-publish","has-post-thumbnail","hentry"],"yoast_head":"<!-- This site is optimized with the Yoast SEO plugin v27.3 - https:\/\/yoast.com\/product\/yoast-seo-wordpress\/ -->\n<title>Overstitch \/ ZOZ Gastromed Lublin \/ rewolucyjna metoda odchudzania<\/title>\n<meta name=\"description\" content=\"Overstitch - nieoperacyjna i rewolucyjna metoda odchudzania, Gastromed Lublin. Overstitch \/ zadbaj o swoj\u0105 wag\u0119, zapraszamy na konsultacje. Zarejestruj si\u0119\" \/>\n<meta name=\"robots\" content=\"index, follow, max-snippet:-1, max-image-preview:large, max-video-preview:-1\" \/>\n<link rel=\"canonical\" href=\"https:\/\/overstitch.pl\/\" \/>\n<meta property=\"og:locale\" content=\"pl_PL\" \/>\n<meta property=\"og:type\" content=\"article\" \/>\n<meta property=\"og:title\" content=\"Overstitch \/ ZOZ Gastromed Lublin \/ rewolucyjna metoda odchudzania\" \/>\n<meta property=\"og:description\" content=\"Overstitch - nieoperacyjna i rewolucyjna metoda odchudzania, Gastromed Lublin. Overstitch \/ zadbaj o swoj\u0105 wag\u0119, zapraszamy na konsultacje. Zarejestruj si\u0119\" \/>\n<meta property=\"og:url\" content=\"https:\/\/overstitch.pl\/\" \/>\n<meta property=\"og:site_name\" content=\"Overstitch\" \/>\n<meta property=\"article:modified_time\" content=\"2023-11-10T12:47:37+00:00\" \/>\n<meta property=\"og:image\" content=\"https:\/\/overstitch.pl\/wp-content\/uploads\/2019\/02\/overstitch.jpg\" \/>\n\t<meta property=\"og:image:width\" content=\"512\" \/>\n\t<meta property=\"og:image:height\" content=\"512\" \/>\n\t<meta property=\"og:image:type\" content=\"image\/jpeg\" \/>\n<meta name=\"twitter:label1\" content=\"Szacowany czas czytania\" \/>\n\t<meta name=\"twitter:data1\" content=\"4 minuty\" \/>\n<script type=\"application\/ld+json\" class=\"yoast-schema-graph\">{\"@context\":\"https:\\\/\\\/schema.org\",\"@graph\":[{\"@type\":\"WebPage\",\"@id\":\"https:\\\/\\\/overstitch.pl\\\/\",\"url\":\"https:\\\/\\\/overstitch.pl\\\/\",\"name\":\"Overstitch \\\/ ZOZ Gastromed Lublin \\\/ rewolucyjna metoda odchudzania\",\"isPartOf\":{\"@id\":\"https:\\\/\\\/overstitch.pl\\\/#website\"},\"primaryImageOfPage\":{\"@id\":\"https:\\\/\\\/overstitch.pl\\\/#primaryimage\"},\"image\":{\"@id\":\"https:\\\/\\\/overstitch.pl\\\/#primaryimage\"},\"thumbnailUrl\":\"https:\\\/\\\/overstitch.pl\\\/wp-content\\\/uploads\\\/2019\\\/02\\\/overstitch.jpg\",\"datePublished\":\"2018-11-09T16:39:42+00:00\",\"dateModified\":\"2023-11-10T12:47:37+00:00\",\"description\":\"Overstitch - nieoperacyjna i rewolucyjna metoda odchudzania, Gastromed Lublin. Overstitch \\\/ zadbaj o swoj\u0105 wag\u0119, zapraszamy na konsultacje. Zarejestruj si\u0119\",\"breadcrumb\":{\"@id\":\"https:\\\/\\\/overstitch.pl\\\/#breadcrumb\"},\"inLanguage\":\"pl-PL\",\"potentialAction\":[{\"@type\":\"ReadAction\",\"target\":[\"https:\\\/\\\/overstitch.pl\\\/\"]}]},{\"@type\":\"ImageObject\",\"inLanguage\":\"pl-PL\",\"@id\":\"https:\\\/\\\/overstitch.pl\\\/#primaryimage\",\"url\":\"https:\\\/\\\/overstitch.pl\\\/wp-content\\\/uploads\\\/2019\\\/02\\\/overstitch.jpg\",\"contentUrl\":\"https:\\\/\\\/overstitch.pl\\\/wp-content\\\/uploads\\\/2019\\\/02\\\/overstitch.jpg\",\"width\":512,\"height\":512,\"caption\":\"overstitch, Gastromed Lublin. metoda odchudzania\"},{\"@type\":\"BreadcrumbList\",\"@id\":\"https:\\\/\\\/overstitch.pl\\\/#breadcrumb\",\"itemListElement\":[{\"@type\":\"ListItem\",\"position\":1,\"name\":\"Home\",\"item\":\"https:\\\/\\\/overstitch.pl\\\/\"},{\"@type\":\"ListItem\",\"position\":2,\"name\":\"OverStitch &#8211; nieoperacyjna metoda odchudzania\"}]},{\"@type\":\"WebSite\",\"@id\":\"https:\\\/\\\/overstitch.pl\\\/#website\",\"url\":\"https:\\\/\\\/overstitch.pl\\\/\",\"name\":\"Overstitch\",\"description\":\"Rewolucyjna metoda odchudzania\",\"potentialAction\":[{\"@type\":\"SearchAction\",\"target\":{\"@type\":\"EntryPoint\",\"urlTemplate\":\"https:\\\/\\\/overstitch.pl\\\/?s={search_term_string}\"},\"query-input\":{\"@type\":\"PropertyValueSpecification\",\"valueRequired\":true,\"valueName\":\"search_term_string\"}}],\"inLanguage\":\"pl-PL\"}]}<\/script>\n<!-- \/ Yoast SEO plugin. -->","yoast_head_json":{"title":"Overstitch \/ ZOZ Gastromed Lublin \/ rewolucyjna metoda odchudzania","description":"Overstitch - nieoperacyjna i rewolucyjna metoda odchudzania, Gastromed Lublin. Overstitch \/ zadbaj o swoj\u0105 wag\u0119, zapraszamy na konsultacje. Zarejestruj si\u0119","robots":{"index":"index","follow":"follow","max-snippet":"max-snippet:-1","max-image-preview":"max-image-preview:large","max-video-preview":"max-video-preview:-1"},"canonical":"https:\/\/overstitch.pl\/","og_locale":"pl_PL","og_type":"article","og_title":"Overstitch \/ ZOZ Gastromed Lublin \/ rewolucyjna metoda odchudzania","og_description":"Overstitch - nieoperacyjna i rewolucyjna metoda odchudzania, Gastromed Lublin. Overstitch \/ zadbaj o swoj\u0105 wag\u0119, zapraszamy na konsultacje. Zarejestruj si\u0119","og_url":"https:\/\/overstitch.pl\/","og_site_name":"Overstitch","article_modified_time":"2023-11-10T12:47:37+00:00","og_image":[{"width":512,"height":512,"url":"https:\/\/overstitch.pl\/wp-content\/uploads\/2019\/02\/overstitch.jpg","type":"image\/jpeg"}],"twitter_misc":{"Szacowany czas czytania":"4 minuty"},"schema":{"@context":"https:\/\/schema.org","@graph":[{"@type":"WebPage","@id":"https:\/\/overstitch.pl\/","url":"https:\/\/overstitch.pl\/","name":"Overstitch \/ ZOZ Gastromed Lublin \/ rewolucyjna metoda odchudzania","isPartOf":{"@id":"https:\/\/overstitch.pl\/#website"},"primaryImageOfPage":{"@id":"https:\/\/overstitch.pl\/#primaryimage"},"image":{"@id":"https:\/\/overstitch.pl\/#primaryimage"},"thumbnailUrl":"https:\/\/overstitch.pl\/wp-content\/uploads\/2019\/02\/overstitch.jpg","datePublished":"2018-11-09T16:39:42+00:00","dateModified":"2023-11-10T12:47:37+00:00","description":"Overstitch - nieoperacyjna i rewolucyjna metoda odchudzania, Gastromed Lublin. Overstitch \/ zadbaj o swoj\u0105 wag\u0119, zapraszamy na konsultacje. Zarejestruj si\u0119","breadcrumb":{"@id":"https:\/\/overstitch.pl\/#breadcrumb"},"inLanguage":"pl-PL","potentialAction":[{"@type":"ReadAction","target":["https:\/\/overstitch.pl\/"]}]},{"@type":"ImageObject","inLanguage":"pl-PL","@id":"https:\/\/overstitch.pl\/#primaryimage","url":"https:\/\/overstitch.pl\/wp-content\/uploads\/2019\/02\/overstitch.jpg","contentUrl":"https:\/\/overstitch.pl\/wp-content\/uploads\/2019\/02\/overstitch.jpg","width":512,"height":512,"caption":"overstitch, Gastromed Lublin. metoda odchudzania"},{"@type":"BreadcrumbList","@id":"https:\/\/overstitch.pl\/#breadcrumb","itemListElement":[{"@type":"ListItem","position":1,"name":"Home","item":"https:\/\/overstitch.pl\/"},{"@type":"ListItem","position":2,"name":"OverStitch &#8211; nieoperacyjna metoda odchudzania"}]},{"@type":"WebSite","@id":"https:\/\/overstitch.pl\/#website","url":"https:\/\/overstitch.pl\/","name":"Overstitch","description":"Rewolucyjna metoda odchudzania","potentialAction":[{"@type":"SearchAction","target":{"@type":"EntryPoint","urlTemplate":"https:\/\/overstitch.pl\/?s={search_term_string}"},"query-input":{"@type":"PropertyValueSpecification","valueRequired":true,"valueName":"search_term_string"}}],"inLanguage":"pl-PL"}]}},"_links":{"self":[{"href":"https:\/\/overstitch.pl\/index.php?rest_route=\/wp\/v2\/pages\/849","targetHints":{"allow":["GET"]}}],"collection":[{"href":"https:\/\/overstitch.pl\/index.php?rest_route=\/wp\/v2\/pages"}],"about":[{"href":"https:\/\/overstitch.pl\/index.php?rest_route=\/wp\/v2\/types\/page"}],"author":[{"embeddable":true,"href":"https:\/\/overstitch.pl\/index.php?rest_route=\/wp\/v2\/users\/1"}],"replies":[{"embeddable":true,"href":"https:\/\/overstitch.pl\/index.php?rest_route=%2Fwp%2Fv2%2Fcomments&post=849"}],"version-history":[{"count":49,"href":"https:\/\/overstitch.pl\/index.php?rest_route=\/wp\/v2\/pages\/849\/revisions"}],"predecessor-version":[{"id":1128,"href":"https:\/\/overstitch.pl\/index.php?rest_route=\/wp\/v2\/pages\/849\/revisions\/1128"}],"wp:featuredmedia":[{"embeddable":true,"href":"https:\/\/overstitch.pl\/index.php?rest_route=\/wp\/v2\/media\/942"}],"wp:attachment":[{"href":"https:\/\/overstitch.pl\/index.php?rest_route=%2Fwp%2Fv2%2Fmedia&parent=849"}],"curies":[{"name":"wp","href":"https:\/\/api.w.org\/{rel}","templated":true}]}}